- k. List the prime factors of s.
3, 11
Suppose 2*z = 2*v + 8, -4*v - 33 = -5*z - 11. Suppose -a + 22 = -z. List the prime factors of 53/5 - a/(-70).
11
Suppose 0 = 3*l + 4*x - 26, x - 21 - 17 = -3*l. Suppose -3*p + 5*u = 2*p - 50, -p = u - l. Suppose 4*f = -p + 40. List the prime factors of f.
7
Let t = 28 + -49. Let a = 27 + t. List the prime factors of ((-4)/3)/(a/(-117)).
2, 13
Let g = 77 - 81. What are the prime factors of (-4568)/(-44) - g/22?
2, 13
Let i be 39/26*((-5)/(-3) + 1). Suppose 2*d - 4*f = -0*f + 538, -4*d = i*f - 1052. What are the prime factors of d?
5, 53
Suppose -4*s - 5*q = -6533, 3*s = 4*q + 1924 + 2968. What are the prime factors of s?
2, 3, 17
Suppose 0 = -11*w + 15*w - 5*o - 332, w = 2*o + 83. List the prime factors of w.
83
Let t(r) = 1330*r**3 - 6*r**2 + 2*r + 3. List the prime factors of t(1).
3, 443
Suppose -2*y + 3175 = 5*s, -1270 = -2*s - 7*y + 10*y. List the prime factors of s.
5, 127
Let d(x) = -9*x + 2. Let g(f) = -f**3 - 8*f**2 + f + 5. Let b be g(-8). Let u be (-1)/b - (-10)/(-3). What are the prime factors of d(u)?
29
Suppose -5*i + 3*i = 6. Let n be ((-10)/i)/(30/45). Let b(u) = 17*u - 4. What are the prime factors of b(n)?
3
Let m(v) = 44*v + 3. List the prime factors of m(14).
619
Let q be -2 + (-9)/(-6)*12/(-9). Let s(a) = 3*a**2 - 8*a - 18. List the prime factors of s(q).
2, 31
List the prime factors of 419 + 120/(-28) + 6/21.
5, 83
Suppose -32*i = i - 3762. What are the prime factors of i?
2, 3, 19
Let b(j) = j - 2. Let m(k) = k**2 - 31*k + 50. Let s(t) = 4*b(t) - m(t). List the prime factors of s(16).
2, 3, 41
Let m = -31 + 59. What are the prime factors of (-3 + (-2 - -2))/((-4)/m)?
3, 7
Suppose -w + 44 = -5*w. Let c = w - -95. List the prime factors of c.
2, 3, 7
Let d = 32 - 35. Let p be -6*-5*d/(-9). List the prime factors of (-92)/(-3)*15/p.
2, 23
Let b(o) = -2*o**3 + 2*o**2 + 2*o - 2. Suppose 2 = 4*z - 3*z. Let y be b(z). What are the prime factors of y/9 + 60/9?
2, 3
Let r = -318 + 1343. List the prime factors of r.
5, 41
Let b(m) = -120*m + 902. List the prime factors of b(-7).
2, 13, 67
Let j(u) be the first derivative of u**4/4 + 17*u**3/3 - 13*u**2/2 - 11*u + 35. List the prime factors of j(-17).
2, 3, 5, 7
List the prime factors of 44244/30 + (45/(-25) - -2).
5, 59
Let v(w) = -w**3 - 2*w**2 - 2*w - 67. List the prime factors of v(-8).
3, 37
Let t be 41 - 2/(1/1). Suppose 11*a - 13*a + 10 = 0. Suppose 0 = 2*q - a*q + t. List the prime factors of q.
13
Let i(x) = -3*x**2 - 6*x - 14. Let p(j) = -8*j**2 - 17*j - 43. Let o(f) = -11*i(f) + 4*p(f). List the prime factors of o(-9).
3
Suppose 2*j - 13 = 3. What are the prime factors of j/(-12)*(-279)/6?
31
Suppose -4*k + 0*k - 8 = 0. What are the prime factors of 35 + -2*(-3)/k?
2
Suppose 0 = -26*b + 44808 - 15558. What are the prime factors of b?
3, 5
Let z = 325 - 472. Let x = 116 - z. List the prime factors of x.
263
Let x(h) = h**2 - 9*h - 7. Let f be x(10). Suppose 2 + 7 = -r - f*p, -4*p + 2 = -r. Let l = 20 + r. List the prime factors of l.
2, 7
Let v(w) = w**2 - 9*w + 12. Let x(a) = -a**3 - 5*a**2 + 6*a + 9. Let b be x(-6). List the prime factors of v(b).
2, 3
Let t = 26 + -24. Suppose 3*y + 68 + 71 = t*w, w - 71 = y. Suppose -5*m - 4*j + w + 151 = 0, -2*m = 4*j - 78. List the prime factors of m.
7
Let f(z) = -z + 9. Let y be f(10). Let s = y - -3. Suppose s*b - 2 = 2. What are the prime factors of b?
2
Let f be 21 + -7 + (-9)/3. Let p(a) = -a**3 + 11*a**2 + a - 7. Let x be p(f). Suppose -2*z = -x*z + 104. List the prime factors of z.
2, 13
Suppose -2*i - 3 = -i. Let z be (-6)/2 + 6 + i. Suppose 4*g = 2*h - 112, z = 2*h - 5*g - 17 - 99. What are the prime factors of h?
2, 3
Suppose 1 + 111 = 4*y. Suppose 3*c + 107 = t, -76 = -t + 4*c + y. What are the prime factors of (-1)/(-3) + t/12?
2, 5
Suppose -16*w + 483 = -5341. Suppose -4*y - n = y - w, n = 2*y - 140. What are the prime factors of y?
2, 3
Suppose -4*t = 2*x - 2, 2*x + 0*x = 5*t - 16. Let n be 268/24 - t/12. Suppose -5*l + 44 + n = 3*r, 3*l + 2*r = 32. What are the prime factors of l?
2, 7
Let t(z) = -z**3 - 5*z**2 - 2*z - 5. Let o be t(-5). Suppose 7 + 8 = o*m. List the prime factors of (-1)/((-2)/(63 + m)).
3, 11
Let q(g) = g**2 - 7. Let h be q(-4). Let b be 6/(-27) - (-20)/h. Suppose -7*s + b*s = -155. List the prime factors of s.
31
Let a be 305/10 + 2/(-4). Let p(u) = u**3 + 7*u**2 - 17. Let v be p(-7). Let q = a + v. List the prime factors of q.
13
Let f be 45/12*56/21. List the prime factors of ((-6)/f - 0)*(-21 - 24).
3
Let d(i) = -149*i - 417. What are the prime factors of d(-6)?
3, 53
Let j(p) = 306*p - 310. What are the prime factors of j(5)?
2, 5, 61
List the prime factors of (7532/56)/(1/4).
2, 269
Let x be 5/(-35) + 108/21. Suppose 0 = -x*k + 113 + 97. What are the prime factors of k?
2, 3, 7
Let i = 6 + -16. Suppose 22 - 8 = -d. List the prime factors of (5/i + 0)*d.
7
Let t = -47 - -103. Let b = t + -33. What are the prime factors of b?
23
Suppose -49 = -2*m + 365. Suppose 2*f + m = 3*f + o, o - 825 = -4*f. List the prime factors of f.
2, 103
Suppose -w + 0*f = -2*f - 341, 0 = 2*w + f - 707. Suppose 0 = 5*l + 3*r - w, 0*l + 4*l - 285 = -r. List the prime factors of l.
2, 3
What are the prime factors of (-39)/(190/(-258) + (-42)/(-63))?
13, 43
Suppose 0*h - 12 = h + 3*w, 0 = -4*w. Let f = h - -16. What are the prime factors of (6/f)/((-2)/(-16))?
2, 3
Let z(p) = -36*p - 65. What are the prime factors of z(-14)?
439
Suppose 3*d = -0*w + 3*w - 9, 3*w = 0. Suppose 2*i = -3*y - 35, 43 = -3*i - 0*y + 5*y. List the prime factors of i/48 + (-55)/d.
2, 3
Let v(m) be the first derivative of -m**4/4 + 5*m**3/3 - 3*m**2/2 + 3*m - 6. Let z be v(5). List the prime factors of (-54)/8*32/z.
2, 3
Let w = -5 + 6. Suppose 0 = -5*p + w + 4. Let y = p + 31. What are the prime factors of y?
2
Suppose -15*a = 923 - 4808. What are the prime factors of a?
7, 37
Let s = 29 - 30. Let r = 2 - s. List the prime factors of 12/r + (14 - 0).
2, 3
Let y(c) = c**2 + 8*c + 20. Let q be y(-8). Suppose 0*h - 4*h = -q. Suppose 4*u - 60 = -2*l, h*l - 24 = 3*u - 4*u. List the prime factors of u.
2, 7
What are the prime factors of 78 - 3/5*(-19 + 14)?
3
Let x(g) = -g**3 + 3*g**2 - 2*g + 3. Let t be x(3). Let y(l) = 8*l**2 - 4*l + 4. List the prime factors of y(t).
2, 11
Suppose -5*i + 2*i = -2*y - 1204, 4*y = -4*i + 1572. What are the prime factors of i?
2, 199
Let g = 139 - 98. Let c be (-3)/(-4) - (-3)/(-4). Suppose z - g + 2 = c. List the prime factors of z.
3, 13
Let t = -108 + 365. Let w = t + -160. What are the prime factors of w?
97
Let o(p) = 4*p**3 - 17*p**2 + 17*p + 6. What are the prime factors of o(8)?
2, 19, 29
List the prime factors of (-40)/(-3)*(-9486)/(-155).
2, 3, 17
Let i(a) = 3*a**2 + 12*a - 22. Let u be i(11). Suppose 5*c - 2*c - 345 = -4*k, u = 4*c + k. What are the prime factors of c?
7, 17
Let n = 144 - 107. Suppose -p = 3*w - n, -5*w - 4*p + 63 = -p. List the prime factors of w.
2, 3
Suppose -4*g + 5*z - 20 + 1930 = 0, 3*z - 6 = 0. What are the prime factors of g?
2, 3, 5
Let a(y) = -2*y + 9*y + 8*y - 3. List the prime factors of a(9).
2, 3, 11
Let h be (-7)/(-3) + 2/(-6). Suppose 2*t = q - 68, h*q + 2*q + t - 308 = 0. Suppose -4*x + q = -28. What are the prime factors of x?
2, 13
Suppose 3*v - 1353 = 15*n - 17*n, 2*n = -2*v + 1352. List the prime factors of n.
3, 5
Let i(c) = 53*c - 10. List the prime factors of i(9).
467
Suppose 31 = 5*u - 104. Let n = -10 + u. List the prime factors of n.
17
Suppose -4*l + 4*c - 5 + 37 = 0, 5*l - 3*c - 32 = 0. Suppose -l*q - 66 = -o, -3*o = -4*o - 5*q + 75. List the prime factors of o.
2, 5, 7
Let r = 113 + -101. What are the prime factors of r?
2, 3
Let j(x) = 2*x**3 - 7*x**2 + 15*x + 23. Let s(r) = -3*r**3 + 11*r**2 - 22*r - 35. Let w(k) = -7*j(k) - 5*s(k). What are the prime factors of w(6)?
2, 11
Suppose 4*s - 48 + 996 = 0. Let t = -99 - s. Suppose -t = v - 4*v. List the prime factors of v.
2, 23
Let k be (-65)/((0 - 2) + 3). Let z = -46 - k. Suppose 0 = 4*f + s - 18, 5*f - s - z = -4*s. List the prime factors of f.
5
Suppose 4*h - 204 = 3*o + 134, 3*h + 5*o = 239. Let s = -38 + h. What are the prime factors of s?
3, 5
Let r(u) = -u**2 - 27*u - 59. List the prime factors of r(-17).
3, 37
Let p be 9/(-6) - (-7)/2. Suppose c = -2*f + 3*f -